)).
26
Calculate -3 + -1 + 65 + (5 + -4 - (5 - -7)).
50
What is the value of -16 + -2 + 13 + -15 + 2 + -12?
-30
(0 - 17) + (-546 - -506)
-57
(-28 - 74) + 68 - 58
-92
What is the value of (-38 - -4) + (-381 - -395) + 51?
31
What is -14 + (-28 - -67) + -21 + (0 - (62 - -2))?
-60
(-30 + 1 - (-108 - -76)) + 38
41
Calculate -74 - 0 - (6440 - 6489).
-25
Evaluate (-17 - -1) + (39 - -20 - 1).
42
-12 - (8 + (-11 - 129) - -44)
76
Evaluate 6 - (33 - ((11 - 0) + -5 + 8)) - -12.
-1
15705 + -15795 - (0 + 0 + -41)
-49
Evaluate 17 - (17 + 26) - -34.
8
What is -21 - (0 + 29 + -71)?
21
Evaluate (-11 - -28) + 20 - (-70 + 45).
62
What is (-58 - -56) + (-20 - (12 - -46))?
-80
What is 3 + -1 - (11 + -31 - -33)?
-11
What is the value of (-52 - (31 - 67)) + 3?
-13
What is the value of 2 + 2 + 11 - ((4 - -19) + -33)?
25
27 - (-14 + 10 + (33 - 17) + -18)
33
What is 0 - (8 - (9 - (23 - (5 + 7))))?
-10
What is the value of (-38 - (36 - 55)) + -5?
-24
Calculate 28 + 16 + 5 + -98.
-49
Calculate 19 + 1 + -34 + (28 - -5) - -10.
29
Calculate (1 + -8 - 3) + (58 + -33 - -12).
27
-89 + (177 - 69) - (-9 + 0)
28
What is -62 + (-110 - (-207 + 125))?
-90
What is -28 - (-33 - 2) - (2 + 0 + 22)?
-17
Evaluate 8935 + -8754 - (95 + -2).
88
Evaluate 22 + -12 + (-1 - -1) + -161 + 153.
2
Calculate (-60 + -28 - -28) + 21.
-39
Calculate -484 + 526 - (39 - -8).
-5
What is the value of -21 + (46 - 26 - 64) - 29?
-94
What is the value of -1 + 0 - (467 - 452 - (0 - -21))?
5
Evaluate 16 - (52 + -18) - (1 + 5 + -6).
-18
What is 27 - (-4 + -21 + 36 + -43)?
59
-153 - (83 + -71 + -56)
-109
Evaluate 1 + 2 + 48 + ((-48 - -43) + -36 - -40).
50
(28 - (23 - 4)) + 46 + -51
4
What is the value of (-23 + 16 - -9) + (-2 - -6) + (40 - 1)?
45
What is the value of 0 + 1 + (-18 - -5) + -24580 + 24627?
35
(45 - (-42 - -7)) + -27
53
12 + (-1 - -11) + (-17 - 0)
5
What is the value of (-54 - -62) + 2 + -43 + (-6 + 5 - 3)?
-37
What is the value of (-38 + 21 - (-15 - -7)) + (1 - -39)?
31
Evaluate (-21 + 35 - 28) + -2 + 53.
37
Calculate -11 + 1 + (0 + 21 - (411 + -391)).
-9
Evaluate (0 - (5 - 0)) + 28 + (70 - 49).
44
Calculate -47 + 80 + (-18 - -21).
36
What is (25 - 2) + (109 - 147) - (-3 - 112)?
100
What is the value of -52 - 7 - (516 - 640)?
65
Evaluate -40 + 71 + -48 + 5.
-12
What is -500 + 495 - ((3 - (-35 + -2)) + -3 + 4)?
-46
Calculate -407 + 338 + (31 - -6) + -9.
-41
Calculate (-40 + 6 - 28 - 17) + 11.
-68
Calculate (-9 - 12 - (-52 - -39)) + 68.
60
What is (0 - (1 + -1)) + -40012 + 39955?
-57
Calculate -91 + -30 + 111 + 60 + 0 + -3.
47
Evaluate (501 - 502 - (1 + 2)) + (2 + 1 - -42).
41
Evaluate (-17 - -44) + 45 + -29.
43
Calculate (-18 - 2) + -2 - (-2536 + 2523).
-9
-4 + 0 - (3 - (20 + 16 + (-11 - 7)))
11
-7 - (0 - 0 - (-25 - (5 - 36)))
-1
Evaluate (-1 - -1) + (1 - -9) + (41 - 42) + -17.
-8
What is the value of 66 - (-12 + 53 - -4)?
21
-2 - (-4 - -4) - (-709 + 679 - (105 - 1))
132
Calculate -6 - (3 + 10 + 3 + 66 + -58).
-30
Evaluate (10 - (98 + -32)) + 94.
38
Calculate 94 - 105 - (-8 + -2) - 13.
-14
Evaluate 93 + -24 + (50 - 45).
74
What is the value of (-18 - -62) + -18 + (-13 + 17 - (3 + 7))?
20
What is -43 - 0 - (-1 - (-10 + 7 - (-7 + -2)))?
-36
Evaluate -19 - (-13 - (4 + 4)) - (0 - -4) - -5.
3
What is 49 - (14 - -62 - -12)?
-39
What is (-5 - (0 - 6)) + -85 + (-7 - (-3 - 12))?
-76
Evaluate -2 + (2 - 8) + -29 + 44 - (49 - -6).
-48
1 - (-1 - 54) - (0 + -53 - (1142 - 1190))
61
Calculate -106 + 51 + 24 + 2 - -75.
46
What is the value of 75 + 1 + 1 + (-3159 - -3135)?
53
What is the value of 50 + -2 + 32 + -11 + -2 + -22?
45
Evaluate -17 - 0 - (167 - (76 - -63)).
-45
Evaluate -38 + 18 + (0 - -14) + -9.
-15
What is (-79 - -149 - 11) + -36?
23
What is the value of (-7 - -18) + -6 + -84 + 68?
-11
Calculate 6 + (24 - 13 - (-1 + 1 - -22)).
-5
Evaluate 0 + -2 + (63 - (-13 - -90)).
-16
-21 + (-13 - (53 - (52 + -21)))
-56
What is the value of (-48 - 33) + 42 - 32?
-71
Calculate (2783 - 2694) + (-1 - 44).
44
-140 - -35 - (-5 - -7 - 17)
-90
Calculate -11 + (39 - (-9 - -26)) + -5.
6
What is the value of (21 + 4 - 45) + 82 - 25?
37
Evaluate -22 + 0 - (14 + (-13 - 25 - -11)) - 89.
-98
-12 - (8 - ((18 - -39) + 1))
38
Evaluate (-25 + 0 - -55) + -38.
-8
Calculate -51 - (31 - 147 - -61).
4
Evaluate 8 - (39 + 9 - -24) - -22.
-42
What is the value of 1 + -4 + 1 - -6 - (33 + (-73 - -48))?
-4
Evaluate 14 + (17 + 62 - 20) - 18.
55
What is (6 - 1) + -119 + 97 + 71?
54
32 - 23 - -14 - (27 + -3)
-1
What is the value of 0 - (-77 - -1 - (51 + -108 + 53))?
72
What is the value of 5 + 1 + -113 + (-57 - -48 - -65)?
-51
What is (-125 - -49) + 85 + (50 - -1)?
60
Calculate (2 - 4) + -1 + 13 - 9 - 1 - -5.
5
What is the value of (5 - 1) + -1 + 17 + 2 + -2 + -10?
10
20 - (-26 + (38 - -10))
-2
Evaluate 94 + 1 + (24 - -26) + -41 + 12 + -7.
109
-3 + 20 + (55 - -140 - 95)
117
What is the value of -10 + -94 - (24 + (-10 - 25)) - 8?
-101
Calculate 212 + (-282 + 149 - -44).
123
What is the value of (27 + 6 + -19 - 0) + 6 - -8?
28
What is 35 - (31 + -15 + -3 + 8)?
14
Calculate (-153 - -526) + -127 + -105.
141
Calculate 26 + (1 - (-654 - -664 - (0 - -2 - 1))).
18
What is the value of (-36 - (25 + 44 - 33)) + -5 + 0?
-77
-6 - (35 + -55) - (0 + 0)
14
What is the value of -15 + 15 + (13 - 12) - (-1 - -4)?
-2
Calculate -33 + (-3 - -83) - 78.
-31
Calculate 4 + -41 + 8 + 12 + 20.
3
Evaluate 37 + ((15 - 41) + 37 - (9 - 0)).
39
Evaluate (-26 - -34) + (11 - -2 - 29).
-8
What is the value of -23 + (153 + (-2 - 15) - 32)?
81
What is the value of -11 - 50 - -53 - (-2 - 55) - -1?
50
What is the value of (14 - 3 - (-23 + 10)) + -13 - 16?
-5
What is the value of -8 - (-114 + 47 + 53)?
6
What is the value of (-87 - -11) + (-20 - -57)?
-39
(-3 - 0) + 1 + -1 + -42 - (411 + -411)
-45
What is the value of 36 + (0 - (15 - -1) - (10334 - 10353))?
39
Evaluate -126 + 214 + (-22 - (0 - (2 - -2))).
70
Calculate 4 + -47 + 36 + -72 + 1.
-78
What is the value of 11 + -55 - (-383 - -397)?
-58
What is the value of (-4 - (4 + 34)) + (-9 - ((-32 - -8) + 8))?
-35
What is -24 - (-8 + 34) - -32?
-18
(24 - (9 - (11 - 23))) + (67 - 2)
68
Evaluate (-4 + 2 - (-185 + 188) - 16) + 142.
121
What is (-10 - -16) + (-215 - -214)?
5
28 - (-7 + 7 + -4 + 11)
21
Calculate (-24 - (-20 - -12)) + (-33 - -9).
-40
1 + 3 - 17 - -4 - 29
-38
What is 23 - (-2 + (5 - (-2 - -5))) - (-324 + 332)?
15
Evaluate -11 + 1 - (-60 + (8 - (-13 - -12))).
41
-1 + 19 + (-47 - 1 - -12)
-18
Evaluate (-174 - 80) + 117 + 68.
-69
(19 + (-46 - -17) - -20) + (-54 - -2)
-42
Evaluate 23 - -3 - (-42 + 16 + 25).
27
Calculate -2 - -4 - (-1 + -14 + (14 - -23 - 25)).
5
What is the value of -147 - (-19 - (23 - -32))?
-73
What is -24 + 9 + 2 - (3 + (75 - 3))?
-88
What is -98 + (0 + (-1 - -2) - (7 + -26 + 10))?
-88
What is the value of -29 + (110 - -2) - 166?
-83
What is -65 - (18 - ((-13 - -3) + 39))?
-54
Evaluate 29 - (16 + -18) - (-5 + -4).
40
40 - (-7 + -13) - (-12 - -3)
69
What is -3 + (-6 - -1) + (37 - 32) + 0?
-3
135 + (36 - (13 + 110))
48
(1007 + -1028 - (2 - (2 - -60))) + (-3 - 0)
36
What is the value of (-3886 - -3922) + (-4 - 31) + -5?
-4
What is 1 - 30 - ((0 - -3) + (-1 - 11))?
-20
-11 + (-192 - -179) + (1 - -25) + -8
-6
What is 50 + -117 + 178 + -101?
10
Calculate -36 + 50 - (-24 - (-46 + 43)).
35
((9 - 12) + 16 + -7 - -6) + -54
-42
What is the value of -17 - (-14 - (38 + -46) - 30)?
19
Evaluate -42 + 9 + (-8 + 14 - 18).
-45
Evaluate 122 - (-12 + (41 - 4) + -9 - (-2 - -8)).
112
Calculate 47 - (22 + (-76 + 27 - -30)).
44
What is -1256 + 1304 - (26 + -1)?
23
What is -132 + 141 + (-5 - -5 - 8)?
1
50 + -65 + -5 + 1
-19
What is the value of (30 - 33) + (4 - ((0 - 0) + -43))?
44
Evaluate 2 - (-11 - -12 - 8 - -11).
-2
-6 + 1 + ((-9 - -42) + 22 - 16)
34
Calculate -12 + 12 + -1 + 20 + -1.
18
Calculate -4 + (0 - (20 + -11)) + (-24 - -123).
86
(62 - 62 - (-1 - 32)) + (-25 - -8) + 30
46
Evaluate -13 + 4 + 0 - (213 - 298).
76
(-12 - (-16 + -14) - 36) + 11
-7
Evaluate -4 + (137 - 31) + (-51 - -23).
74
What is the value of -11 + -19 + 18 + -16 - 0?
-28
What is -46 + 3 + (22 - (19 + -1 - 6))?
-33
What is the value of 3 + -1 + (44 - -52 - ((-9 - -6) + 24))?
77
What is the value of (-3 + 0 - (8 - 6)) + 26 + -50 + 27?
-2
What is -80 + (35 - (12 - -25) - 23)?
-105
Calculate (137 - 85) + -1 + -4 + 1 + (-4 - -3).
47
-13 + 72 - 40 - (2 - -10) - 12
-5
-18